(-10). Let j = 17 + w. What is the units digit of (8 + 0)/((-3)/j - -1)?
2
Suppose 0 = -3*m - k + 419 + 23, 2*m + 2*k - 292 = 0. Let f = m + 1319. What is the hundreds digit of f?
4
Let a = -4816 + 6575. What is the tens digit of a?
5
Let f(w) = 12*w**2 + 13*w + 1985. What is the hundreds digit of f(-28)?
0
Let o(j) = -j**2 - 42*j - 96. Let k be o(-27). Suppose -5*x + r + 2*r = -804, 2*x - k = -3*r. What is the hundreds digit of x?
1
Let o = 13847 - -5942. What is the tens digit of o?
8
Let n(q) = -16*q - 208. Let t be n(-13). Let b(o) = -11*o + 599. What is the tens digit of b(t)?
9
Let a(h) be the second derivative of 43*h**3/2 + 17*h**2/2 + h - 1. What is the hundreds digit of a(3)?
4
Let v(f) = 7*f**2 + 5*f + 41. Let k be v(-8). Let g = k - -224. What is the units digit of g?
3
Let g(i) = -2*i**2 - 2*i + 160. Let l be g(-9). Let f be (-5)/(-3) + 4/(-6). What is the tens digit of f + (-1 + -3)*(-164)/l?
4
Let s = 262 + -262. Suppose s = -136*x + 140*x - 1020. What is the tens digit of x?
5
Let c = 18154 - -11253. What is the thousands digit of c?
9
Suppose 0 = 16*b - 13*b - 15. Let k be ((-649)/(-55))/(1/b). Suppose k*i = 56*i + 126. What is the units digit of i?
2
Let w(t) = -30*t**2 + 41*t + 133. Let m(r) = 15*r**2 - 20*r - 66. Let o(x) = 13*m(x) + 6*w(x). What is the units digit of o(-6)?
4
Suppose -2*g = -4*h - 12, 2*g - 11*h + 16*h + 6 = 0. Suppose g*q = 5*z - 76, 0 = -5*q - 2 - 13. What is the tens digit of z?
1
Let h = 1777 + 22898. What is the thousands digit of h?
4
Let n = -182 + 195. Let s(i) = 4*i**2 - 26*i + 8. What is the hundreds digit of s(n)?
3
What is the tens digit of (((-66296)/(-10))/(-2*(-4)/(-40)))/(-2)?
7
Suppose -1560230 - 674485 = -188*w - 290795. What is the tens digit of w?
4
Let d(r) = -r**2 - 15*r + 56. Let u be d(-18). Suppose 46 = q - 379. Suppose -q = -7*w + u*w. What is the units digit of w?
5
Let b = 13 + 5. Suppose 3*d - 5*l - 1058 = 0, -4*l - 344 - b = -d. What is the hundreds digit of d?
3
Let h = 50 + -8. Let g = h + -35. What is the units digit of (g - 4) + -2 + 55?
6
Let d(k) = 13*k**2 + 6*k - 82. Let x be d(6). Suppose 6*i + x = 8*i. What is the tens digit of i?
1
What is the ten thousands digit of (-10)/(-40)*(44578 - 14)?
1
Let q be -3400*10/(-4)*2. What is the units digit of q/60 - (-2)/(-6)?
3
Let k be 54/63 + (-18)/21. Suppose k = 17*m - 11157 - 4058. What is the hundreds digit of m?
8
Let u(a) = a**3 + 22*a**2 + 44*a + 21. Let j be u(-20). Let h = -228 - -328. Let g = h + j. What is the units digit of g?
1
Suppose -3*r + 8 = m - 6, r - 2*m = 0. Suppose 2*b = z - b - 20, -r*b = 8. What is the units digit of z/4*(0 + 6)?
1
Let u(h) = 8*h + 30. Let x be u(-10). Let m = 77 + x. Let g = m + 91. What is the units digit of g?
8
Let t(r) = -144*r + 6140. What is the hundreds digit of t(-84)?
2
Suppose -19569928 = -50*t - 167*t. What is the ten thousands digit of t?
9
Let d be (1 - 3 - 0)*47/(-47). Suppose d*v - 5*t - 950 = 350, 0 = -2*v + 3*t + 1300. What is the units digit of v?
0
Let a = 28914 + 29251. What is the units digit of a?
5
Let o be ((-15512)/(-16))/(7/14). Let h = o + -1060. What is the units digit of h?
9
Let o be (-64)/(-36)*45/(-10). Let v(i) be the first derivative of -i**3/3 - 5*i**2 + 5*i - 1. What is the tens digit of v(o)?
2
What is the units digit of (-5 + 7)*(-18664)/(-16)?
3
Let u be 4 + (-5 - 39/(-3)). Suppose u*g - 15*g = -1341. What is the units digit of g?
7
Let f(i) = 4*i**3 - 11*i**2 + 106*i + 6. What is the thousands digit of f(11)?
5
Let b(t) = -4*t**3 - 3*t**2 + 12*t - 11. Suppose 5*q + 3*g = -21, -3*q + 2*g = 5 + 19. What is the hundreds digit of b(q)?
6
Let a be (119 - 0)*(5 - (-3)/(-21)). Let g be (-4)/(-14) + 4812/14. Let h = a - g. What is the tens digit of h?
3
Let d = 58649 - 34703. What is the hundreds digit of d?
9
Let w(q) = -101*q - 11. Let s be w(7). Let c = s - -1082. What is the hundreds digit of c?
3
Let t = 163 + -116. Let w = -42 + t. Suppose 0*k - 4*k = w*n - 769, -3*k - 609 = -4*n. What is the tens digit of n?
5
Let l = 1327 + 1166. What is the thousands digit of l?
2
Suppose -2*h = t - 5040, t = -11*h + 10*h + 5043. What is the tens digit of t?
4
Suppose -639 = -4*s + 913. Suppose 0 = 7*x - 9*x + s. What is the tens digit of x?
9
Let h(o) = -o**2 - 23*o + 16. Let q be 0 + (-6)/27 - (-3857)/(-261). What is the units digit of h(q)?
6
Let z = -55 + 47. Let l = z - -12. Suppose -5*r - 32 = -a, 46 = -0*a + 2*a - l*r. What is the tens digit of a?
1
Suppose a = 4*c + 23, -24*c + 5*a - 10 = -19*c. Let p(g) = -g - 55. Let s(d) = -d - 28. Let o(t) = -6*p(t) + 11*s(t). What is the tens digit of o(c)?
5
Let l(t) = 154*t - 39. Let m be l(9). Let r(x) = -1353*x + m*x - 11 + x**2 - 3*x**2 + x**3. What is the tens digit of r(6)?
9
Suppose -449 = -6*w - 293. Suppose 3530 = w*q - 4894. What is the units digit of q?
4
Let o(v) = 491*v**2 - 3*v + 3. What is the units digit of o(3)?
3
Let g = 108 - 94. Let n(s) = -2*s + 29. What is the units digit of n(g)?
1
Let c = -14 - -20. Suppose 38*o - 1637 = -269. Let x = c + o. What is the units digit of x?
2
What is the hundreds digit of (77/66*5877/2)/((-24)/(-128))?
2
Let g(x) = 5*x**2 + 84*x - 1113. What is the units digit of g(79)?
8
Let x(c) be the first derivative of 161*c**3/3 - 3*c**2/2 - 3*c - 41. What is the hundreds digit of x(-1)?
1
Let r(h) = -2*h**2 - 21*h - 42. Let u(s) = -s**2 - 20*s - 42. Let j(v) = -6*r(v) + 7*u(v). What is the units digit of j(-7)?
1
What is the tens digit of 4/(-3) + 390176/411?
4
Suppose 5*s + 4*k = 88 + 34, 2*k - 72 = -3*s. Let u = s + 350. What is the hundreds digit of u?
3
Let a(w) = -w**3 - 3*w**2 + 8*w - 3. Let h be a(-5). What is the tens digit of ((-4)/h + 3/(-7))*-303?
0
Let y = -1239 + 2331. Let q = -710 + y. What is the tens digit of q?
8
Let j(b) = -7*b - 36. Suppose -10 = 8*k + 38. Let u be j(k). What is the units digit of 73/(5 + (-27)/u)?
6
Let m(f) = 2256*f + 560. What is the hundreds digit of m(7)?
3
Let i(j) be the second derivative of -40*j + 0 - 5/2*j**2 + 11/6*j**3. What is the tens digit of i(7)?
7
Let s = 9010 + 118. What is the thousands digit of s?
9
Let a(g) = -g**2 - 8*g - 6. Let k be a(-4). Let l(p) = 69*p - 18. What is the tens digit of l(k)?
7
Let k(h) = -h**3 - h**2 + h - 2. Let s be k(-2). Let m be (-84)/30*(s + 5). Let c(p) = p**3 + 15*p**2 + 13*p - 13. What is the units digit of c(m)?
1
Let j be (0 - 0)/3 - 2/(-2). What is the hundreds digit of 93783/215 + j/(-5)?
4
Let y(n) = -4*n**2 + 26*n - 3. Let f be y(21). Let x = -852 - f. What is the units digit of x?
9
Let w = -1332 - -2524. Let m = w - 825. What is the hundreds digit of m?
3
Suppose -17*t - 116 = 71. Let j(u) = -27*u - 32. What is the tens digit of j(t)?
6
Let a(q) = -10*q + 17. Let n be 38/14 + (-6)/(-21). Suppose n*t + 11 = -4*d, 0 = 2*d + 4*t - 5*t + 13. What is the tens digit of a(d)?
6
Suppose 12*t = 8*t + 16. What is the units digit of t*(-523)/(-4) + 0 + -5?
8
Let g(z) = 27*z**3 + 16*z**2 - 47*z - 6. Suppose -24 = 10*r - 13*r - 5*t, r = -t + 6. What is the tens digit of g(r)?
2
Let y = -34 - -11. Let a(n) = -n**2 - 25*n - 42. Let x be a(y). Suppose x*b - 279 = -2*h - 3*h, 4*h - 225 = -5*b. What is the units digit of h?
5
Let g = -40700 + 57147. What is the ten thousands digit of g?
1
Suppose 20 - 11 = 3*m. Let u(q) = 8*q**3 - 4*q**2 + 4*q - 4. Let j be u(m). Let o = j - 103. What is the units digit of o?
5
Let f(d) = 40 - 22*d**2 - 3*d + 21*d**2 - d - 5*d. Let b be f(-12). What is the tens digit of 4 + ((-4)/b)/(-1) + 95?
0
Suppose -218*m = -90*m - 6241536. What is the hundreds digit of m?
7
Let r = 359 - 43. What is the tens digit of 90/(-12)*r/(-12)*2?
9
Suppose -6*j + j + 30 = 0. What is the hundreds digit of (0 - j) + (-28900)/(-68)?
4
Let l(b) = -299*b + 3. Let g be l(-3). Suppose g - 108 = 8*p. What is the tens digit of p?
9
Suppose 164*r + 390093 - 2543249 = 0. What is the tens digit of r?
2
Let z be (-130)/(-6)*(-30)/(-2). Suppose 0 = -4*k + 2*k + 5*d + z, 3*k - 480 = 5*d. What is the hundreds digit of k?
1
Let m = -3751 - -6913. What is the thousands digit of m?
3
Let v(x) = -x**3 + 55*x**2 + 103*x - 87. What is the units digit of v(52)?
1
Let v be (-3)/1 - (4 + (8 - 4)). Let o be 173 + (v/33 - (-8)/6). Suppose -2*m = -0*m - o. What is the units digit of m?
7
Let j(v) = -v**2 +